{"id":34,"date":"2020-08-21T10:15:10","date_gmt":"2020-08-21T10:15:10","guid":{"rendered":"https:\/\/www.virtuscomunicacion.com\/?page_id=34"},"modified":"2020-08-21T10:15:10","modified_gmt":"2020-08-21T10:15:10","slug":"resultados-de-la-busqueda","status":"publish","type":"page","link":"https:\/\/www.virtuscomunicacion.com\/en\/resultados-de-la-busqueda","title":{"rendered":"Resultados de la busqueda"},"content":{"rendered":"<section class=\"l-section wpb_row height_small\"><div class=\"l-section-h i-cf\"><div class=\"g-cols vc_row via_flex valign_top type_default stacking_default\"><div class=\"vc_col-sm-8 wpb_column vc_column_container\"><div class=\"vc_column-inner\"><div class=\"wpb_wrapper\"><\/div><\/div><\/div><div class=\"vc_col-sm-4 wpb_column vc_column_container\"><div class=\"vc_column-inner\"><div class=\"wpb_wrapper\"><div class=\"w-grid us_grid type_grid layout_blog_10 cols_1 overflow_hidden preload_style_spinner\" id=\"us_grid_2\" style=\"--columns:1;--gap:1.5rem;\" data-filterable=\"true\"><style>.layout_blog_10 .w-grid-item-h{background:#333;border-radius:var(--site-border-radius);box-shadow:0 0.03rem 0.06rem rgba(0,0,0,0.1),0 0.1rem 0.3rem rgba(0,0,0,0.1);transition-duration:0.3s}.no-touch .layout_blog_10 .w-grid-item-h:hover{box-shadow:0 0.12rem 0.24rem rgba(0,0,0,0.1),0 0.4rem 1.2rem rgba(0,0,0,0.15);z-index:4}.layout_blog_10 .usg_post_image_1{transition-duration:0.3s;transform-origin:50% 50%;transform:scale(1) translate(0%,0%)}.layout_blog_10 .w-grid-item-h:focus-within .usg_post_image_1,.layout_blog_10 .w-grid-item-h:hover .usg_post_image_1{transform:scale(1.1) translate(0%,0%);opacity:1}.layout_blog_10 .usg_vwrapper_1{position:absolute!important;right:0!important;bottom:0!important;left:0!important;background:linear-gradient(transparent,rgba(30,30,30,0.8))!important;padding:15% 7% 7% 7%!important}.layout_blog_10 .usg_post_taxonomy_1{font-size:10px!important;font-weight:700!important;text-transform:uppercase!important;margin-bottom:0.5rem!important}.layout_blog_10 .usg_post_title_1{color:#fff!important;font-size:1.4rem!important;font-weight:700!important}@media (max-width:600px){.layout_blog_10 .usg_post_title_1{font-size:1.2rem!important}}<\/style><div class=\"w-grid-list\">\t<article class=\"w-grid-item size_1x1 post-1011 post type-post status-publish format-standard has-post-thumbnail hentry category-logistica category-proyectos-europeos tag-comunicacion-logistica tag-logistica tag-proyectos-europeos\" data-id=\"1011\">\r\n\t\t<div class=\"w-grid-item-h\">\r\n\t\t\t\t\t\t<div class=\"w-post-elm post_image usg_post_image_1 stretched\"><a href=\"https:\/\/www.virtuscomunicacion.com\/en\/zaragoza-hace-historia-en-la-logistica-de-emergencias-con-el-vuelo-del-proyecto-usave\" aria-label=\"Zaragoza hace historia en la log\u00edstica de emergencias con el vuelo del Proyecto USAVE\"><img loading=\"lazy\" decoding=\"async\" width=\"1024\" height=\"682\" src=\"https:\/\/www.virtuscomunicacion.com\/wp-content\/uploads\/2025\/12\/F1-1-1024x682.jpg\" class=\"attachment-large size-large wp-post-image\" alt=\"\" srcset=\"https:\/\/www.virtuscomunicacion.com\/wp-content\/uploads\/2025\/12\/F1-1-1024x682.jpg 1024w, https:\/\/www.virtuscomunicacion.com\/wp-content\/uploads\/2025\/12\/F1-1-300x200.jpg 300w, https:\/\/www.virtuscomunicacion.com\/wp-content\/uploads\/2025\/12\/F1-1-18x12.jpg 18w, https:\/\/www.virtuscomunicacion.com\/wp-content\/uploads\/2025\/12\/F1-1.jpg 1600w\" sizes=\"auto, (max-width: 1024px) 100vw, 1024px\" title=\"\"><\/a><\/div><div class=\"w-vwrapper usg_vwrapper_1 align_none valign_top\"><div class=\"w-post-elm post_taxonomy usg_post_taxonomy_1 style_badge color_link_inherit\"><div class=\"w-post-elm-list\"><a class=\"w-btn us-btn-style_badge term-57 term-logistica\" href=\"https:\/\/www.virtuscomunicacion.com\/en\/category\/logistica\"><span class=\"w-btn-label\">log\u00edstica<\/span><\/a><a class=\"w-btn us-btn-style_badge term-68 term-proyectos-europeos\" href=\"https:\/\/www.virtuscomunicacion.com\/en\/category\/proyectos-europeos\"><span class=\"w-btn-label\">Proyectos europeos<\/span><\/a><\/div><\/div><h2 class=\"w-post-elm post_title usg_post_title_1 has_text_color entry-title color_link_inherit\"><a href=\"https:\/\/www.virtuscomunicacion.com\/en\/zaragoza-hace-historia-en-la-logistica-de-emergencias-con-el-vuelo-del-proyecto-usave\">Zaragoza hace historia en la log\u00edstica de emergencias con el vuelo del Proyecto USAVE<\/a><\/h2><\/div>\t\t<\/div>\r\n\t\t\t<\/article>\r\n\t<article class=\"w-grid-item size_1x1 post-978 post type-post status-publish format-standard has-post-thumbnail hentry category-proyectos-europeos category-comunicacion-institucional\" data-id=\"978\">\r\n\t\t<div class=\"w-grid-item-h\">\r\n\t\t\t\t\t\t<div class=\"w-post-elm post_image usg_post_image_1 stretched\"><a href=\"https:\/\/www.virtuscomunicacion.com\/en\/aragon-edih-renueva-su-reconocimiento-de-la-comision-europea-como-centro-de-referencia-y-contara-con-44-millones-hasta-2028\" aria-label=\"Arag\u00f3n EDIH renueva su reconocimiento de la Comisi\u00f3n Europea y contar\u00e1 con 4,4 millones\"><img loading=\"lazy\" decoding=\"async\" width=\"1024\" height=\"889\" src=\"https:\/\/www.virtuscomunicacion.com\/wp-content\/uploads\/2025\/11\/foro-1024x889.png\" class=\"attachment-large size-large wp-post-image\" alt=\"\" srcset=\"https:\/\/www.virtuscomunicacion.com\/wp-content\/uploads\/2025\/11\/foro-1024x889.png 1024w, https:\/\/www.virtuscomunicacion.com\/wp-content\/uploads\/2025\/11\/foro-300x260.png 300w, https:\/\/www.virtuscomunicacion.com\/wp-content\/uploads\/2025\/11\/foro-14x12.png 14w, https:\/\/www.virtuscomunicacion.com\/wp-content\/uploads\/2025\/11\/foro.png 2048w\" sizes=\"auto, (max-width: 1024px) 100vw, 1024px\" title=\"\"><\/a><\/div><div class=\"w-vwrapper usg_vwrapper_1 align_none valign_top\"><div class=\"w-post-elm post_taxonomy usg_post_taxonomy_1 style_badge color_link_inherit\"><div class=\"w-post-elm-list\"><a class=\"w-btn us-btn-style_badge term-68 term-proyectos-europeos\" href=\"https:\/\/www.virtuscomunicacion.com\/en\/category\/proyectos-europeos\"><span class=\"w-btn-label\">Proyectos europeos<\/span><\/a><a class=\"w-btn us-btn-style_badge term-21 term-comunicacion-institucional\" href=\"https:\/\/www.virtuscomunicacion.com\/en\/category\/comunicacion-institucional\"><span class=\"w-btn-label\">comunicaci\u00f3n institucional<\/span><\/a><\/div><\/div><h2 class=\"w-post-elm post_title usg_post_title_1 has_text_color entry-title color_link_inherit\"><a href=\"https:\/\/www.virtuscomunicacion.com\/en\/aragon-edih-renueva-su-reconocimiento-de-la-comision-europea-como-centro-de-referencia-y-contara-con-44-millones-hasta-2028\">Arag\u00f3n EDIH renueva su reconocimiento de la Comisi\u00f3n Europea y contar\u00e1 con 4,4 millones<\/a><\/h2><\/div>\t\t<\/div>\r\n\t\t\t<\/article>\r\n\t<article class=\"w-grid-item size_1x1 post-969 post type-post status-publish format-standard has-post-thumbnail hentry category-comunicacion-institucional category-logistica tag-comunicacionempresarial tag-comunicacionlogistica tag-logistica\" data-id=\"969\">\r\n\t\t<div class=\"w-grid-item-h\">\r\n\t\t\t\t\t\t<div class=\"w-post-elm post_image usg_post_image_1 stretched\"><a href=\"https:\/\/www.virtuscomunicacion.com\/en\/alia-encumbra-la-logistica-aragonesa-en-la-gala-de-su-15-aniversario\" aria-label=\"ALIA encumbra la log\u00edstica aragonesa en la gala de su 15 aniversario\"><img loading=\"lazy\" decoding=\"async\" width=\"1024\" height=\"682\" src=\"https:\/\/www.virtuscomunicacion.com\/wp-content\/uploads\/2025\/11\/ALIA-Summit-1024x682.jpg\" class=\"attachment-large size-large wp-post-image\" alt=\"\" srcset=\"https:\/\/www.virtuscomunicacion.com\/wp-content\/uploads\/2025\/11\/ALIA-Summit-1024x682.jpg 1024w, https:\/\/www.virtuscomunicacion.com\/wp-content\/uploads\/2025\/11\/ALIA-Summit-300x200.jpg 300w, https:\/\/www.virtuscomunicacion.com\/wp-content\/uploads\/2025\/11\/ALIA-Summit-18x12.jpg 18w, https:\/\/www.virtuscomunicacion.com\/wp-content\/uploads\/2025\/11\/ALIA-Summit.jpg 1280w\" sizes=\"auto, (max-width: 1024px) 100vw, 1024px\" title=\"\"><\/a><\/div><div class=\"w-vwrapper usg_vwrapper_1 align_none valign_top\"><div class=\"w-post-elm post_taxonomy usg_post_taxonomy_1 style_badge color_link_inherit\"><div class=\"w-post-elm-list\"><a class=\"w-btn us-btn-style_badge term-21 term-comunicacion-institucional\" href=\"https:\/\/www.virtuscomunicacion.com\/en\/category\/comunicacion-institucional\"><span class=\"w-btn-label\">comunicaci\u00f3n institucional<\/span><\/a><a class=\"w-btn us-btn-style_badge term-57 term-logistica\" href=\"https:\/\/www.virtuscomunicacion.com\/en\/category\/logistica\"><span class=\"w-btn-label\">log\u00edstica<\/span><\/a><\/div><\/div><h2 class=\"w-post-elm post_title usg_post_title_1 has_text_color entry-title color_link_inherit\"><a href=\"https:\/\/www.virtuscomunicacion.com\/en\/alia-encumbra-la-logistica-aragonesa-en-la-gala-de-su-15-aniversario\">ALIA encumbra la log\u00edstica aragonesa en la gala de su 15 aniversario<\/a><\/h2><\/div>\t\t<\/div>\r\n\t\t\t<\/article>\r\n<\/div>\t<div class=\"w-grid-preloader\">\r\n\t\t<div class=\"g-preloader type_1\">\r\n\t\t\t<div><\/div>\r\n\t\t<\/div>\r\n\t<\/div>\r\n\t\t<div class=\"w-grid-json hidden\" onclick='return {&quot;action&quot;:&quot;us_ajax_grid&quot;,&quot;infinite_scroll&quot;:0,&quot;max_num_pages&quot;:15,&quot;pagination&quot;:&quot;none&quot;,&quot;template_vars&quot;:{&quot;columns&quot;:&quot;1&quot;,&quot;exclude_items&quot;:&quot;none&quot;,&quot;img_size&quot;:&quot;default&quot;,&quot;ignore_items_size&quot;:0,&quot;items_layout&quot;:&quot;blog_10&quot;,&quot;items_offset&quot;:&quot;1&quot;,&quot;load_animation&quot;:&quot;none&quot;,&quot;overriding_link&quot;:&quot;{\\&quot;url\\&quot;:\\&quot;\\&quot;}&quot;,&quot;post_id&quot;:0,&quot;query_args&quot;:{&quot;post_type&quot;:[&quot;post&quot;],&quot;post_status&quot;:[&quot;publish&quot;],&quot;posts_per_page&quot;:&quot;3&quot;},&quot;orderby_query_args&quot;:{&quot;orderby&quot;:{&quot;date&quot;:&quot;DESC&quot;}},&quot;type&quot;:&quot;grid&quot;,&quot;us_grid_post_type&quot;:&quot;post&quot;,&quot;us_grid_ajax_index&quot;:2,&quot;us_grid_filter_query_string&quot;:null,&quot;us_grid_index&quot;:2,&quot;page_args&quot;:[]}}'><\/div>\r\n\t<\/div><div class=\"w-separator size_small\"><\/div><div  class=\"vc_wp_categories wpb_content_element\"><div class=\"widget widget_categories\"><h2 class=\"widgettitle\">Categories<\/h2>\n\t\t\t<ul>\n\t\t\t\t\t<li class=\"cat-item cat-item-23\"><a href=\"https:\/\/www.virtuscomunicacion.com\/en\/category\/comunicacion-corporativa\">Comunicaci\u00f3n corporativa<\/a>\n<\/li>\n\t<li class=\"cat-item cat-item-1\"><a href=\"https:\/\/www.virtuscomunicacion.com\/en\/category\/uncategorized\">Comunicaci\u00f3n cultural<\/a>\n<\/li>\n\t<li class=\"cat-item cat-item-3\"><a href=\"https:\/\/www.virtuscomunicacion.com\/en\/category\/comunicacion-de-empresa-e-instituciones\">Comunicaci\u00f3n de empresa<\/a>\n<\/li>\n\t<li class=\"cat-item cat-item-56\"><a href=\"https:\/\/www.virtuscomunicacion.com\/en\/category\/comunicacion-empresarial\">comunicaci\u00f3n empresarial<\/a>\n<\/li>\n\t<li class=\"cat-item cat-item-21\"><a href=\"https:\/\/www.virtuscomunicacion.com\/en\/category\/comunicacion-institucional\">comunicaci\u00f3n institucional<\/a>\n<\/li>\n\t<li class=\"cat-item cat-item-65\"><a href=\"https:\/\/www.virtuscomunicacion.com\/en\/category\/comunicacion-turistica\">comunicaci\u00f3n tur\u00edstica<\/a>\n<\/li>\n\t<li class=\"cat-item cat-item-57\"><a href=\"https:\/\/www.virtuscomunicacion.com\/en\/category\/logistica\">log\u00edstica<\/a>\n<\/li>\n\t<li class=\"cat-item cat-item-68\"><a href=\"https:\/\/www.virtuscomunicacion.com\/en\/category\/proyectos-europeos\">Proyectos europeos<\/a>\n<\/li>\n\t<li class=\"cat-item cat-item-44\"><a href=\"https:\/\/www.virtuscomunicacion.com\/en\/category\/sostenibilidad\">Sostenibilidad<\/a>\n<\/li>\n\t\t\t<\/ul>\n\n\t\t\t<\/div><\/div><\/div><\/div><\/div><\/div><\/div><\/section>\n","protected":false},"excerpt":{"rendered":"Humor y m\u00fasica marcaron el ALIA LOGISTICS SUMMIT 2025, la gala organizada por el cl\u00faster de log\u00edstica de Arag\u00f3n el pasado 29 de octubre en Zaragoza, un evento multitudinario con m\u00e1s de 700 invitados que constituye el acto central del programa especial del 15\u00ba Aniversario que el cl\u00faster aragon\u00e9s celebra a lo largo de este...","protected":false},"author":1,"featured_media":0,"parent":0,"menu_order":0,"comment_status":"closed","ping_status":"closed","template":"","meta":{"footnotes":""},"class_list":["post-34","page","type-page","status-publish","hentry"],"_links":{"self":[{"href":"https:\/\/www.virtuscomunicacion.com\/en\/wp-json\/wp\/v2\/pages\/34","targetHints":{"allow":["GET"]}}],"collection":[{"href":"https:\/\/www.virtuscomunicacion.com\/en\/wp-json\/wp\/v2\/pages"}],"about":[{"href":"https:\/\/www.virtuscomunicacion.com\/en\/wp-json\/wp\/v2\/types\/page"}],"author":[{"embeddable":true,"href":"https:\/\/www.virtuscomunicacion.com\/en\/wp-json\/wp\/v2\/users\/1"}],"replies":[{"embeddable":true,"href":"https:\/\/www.virtuscomunicacion.com\/en\/wp-json\/wp\/v2\/comments?post=34"}],"version-history":[{"count":1,"href":"https:\/\/www.virtuscomunicacion.com\/en\/wp-json\/wp\/v2\/pages\/34\/revisions"}],"predecessor-version":[{"id":35,"href":"https:\/\/www.virtuscomunicacion.com\/en\/wp-json\/wp\/v2\/pages\/34\/revisions\/35"}],"wp:attachment":[{"href":"https:\/\/www.virtuscomunicacion.com\/en\/wp-json\/wp\/v2\/media?parent=34"}],"curies":[{"name":"wp","href":"https:\/\/api.w.org\/{rel}","templated":true}]}}

<section class="l-section wpb_row height_small"><div class="l-section-h i-cf"><div class="g-cols vc_row via_flex valign_top type_default stacking_default"><div class="vc_col-sm-8 wpb_column vc_column_container"><div class="vc_column-inner"><div class="wpb_wrapper"></div></div></div><div class="vc_col-sm-4 wpb_column vc_column_container"><div class="vc_column-inner"><div class="wpb_wrapper"><div class="w-grid us_grid type_grid layout_blog_10 cols_1 overflow_hidden preload_style_spinner" id="us_grid_2" style="--columns:1;--gap:1.5rem;" data-filterable="true"><style>.layout_blog_10 .w-grid-item-h{background:#333;border-radius:var(--site-border-radius);box-shadow:0 0.03rem 0.06rem rgba(0,0,0,0.1),0 0.1rem 0.3rem rgba(0,0,0,0.1);transition-duration:0.3s}.no-touch .layout_blog_10 .w-grid-item-h:hover{box-shadow:0 0.12rem 0.24rem rgba(0,0,0,0.1),0 0.4rem 1.2rem rgba(0,0,0,0.15);z-index:4}.layout_blog_10 .usg_post_image_1{transition-duration:0.3s;transform-origin:50% 50%;transform:scale(1) translate(0%,0%)}.layout_blog_10 .w-grid-item-h:focus-within .usg_post_image_1,.layout_blog_10 .w-grid-item-h:hover .usg_post_image_1{transform:scale(1.1) translate(0%,0%);opacity:1}.layout_blog_10 .usg_vwrapper_1{position:absolute!important;right:0!important;bottom:0!important;left:0!important;background:linear-gradient(transparent,rgba(30,30,30,0.8))!important;padding:15% 7% 7% 7%!important}.layout_blog_10 .usg_post_taxonomy_1{font-size:10px!important;font-weight:700!important;text-transform:uppercase!important;margin-bottom:0.5rem!important}.layout_blog_10 .usg_post_title_1{color:#fff!important;font-size:1.4rem!important;font-weight:700!important}@media (max-width:600px){.layout_blog_10 .usg_post_title_1{font-size:1.2rem!important}}</style><div class="w-grid-list">	<article class="w-grid-item size_1x1 post-1011 post type-post status-publish format-standard has-post-thumbnail hentry category-logistica category-proyectos-europeos tag-comunicacion-logistica tag-logistica tag-proyectos-europeos" data-id="1011">
		<div class="w-grid-item-h">
						<div class="w-post-elm post_image usg_post_image_1 stretched"><a href="https://www.virtuscomunicacion.com/en/zaragoza-hace-historia-en-la-logistica-de-emergencias-con-el-vuelo-del-proyecto-usave" aria-label="Zaragoza hace historia en la logística de emergencias con el vuelo del Proyecto USAVE"><img loading="lazy" decoding="async" width="1024" height="682" src="https://www.virtuscomunicacion.com/wp-content/uploads/2025/12/F1-1-1024x682.jpg" class="attachment-large size-large wp-post-image" alt="" srcset="https://www.virtuscomunicacion.com/wp-content/uploads/2025/12/F1-1-1024x682.jpg 1024w, https://www.virtuscomunicacion.com/wp-content/uploads/2025/12/F1-1-300x200.jpg 300w, https://www.virtuscomunicacion.com/wp-content/uploads/2025/12/F1-1-18x12.jpg 18w, https://www.virtuscomunicacion.com/wp-content/uploads/2025/12/F1-1.jpg 1600w" sizes="auto, (max-width: 1024px) 100vw, 1024px" title=""></a></div><div class="w-vwrapper usg_vwrapper_1 align_none valign_top"><div class="w-post-elm post_taxonomy usg_post_taxonomy_1 style_badge color_link_inherit"><div class="w-post-elm-list"><a class="w-btn us-btn-style_badge term-57 term-logistica" href="https://www.virtuscomunicacion.com/en/category/logistica"><span class="w-btn-label">logística</span></a><a class="w-btn us-btn-style_badge term-68 term-proyectos-europeos" href="https://www.virtuscomunicacion.com/en/category/proyectos-europeos"><span class="w-btn-label">Proyectos europeos</span></a></div></div><h2 class="w-post-elm post_title usg_post_title_1 has_text_color entry-title color_link_inherit"><a href="https://www.virtuscomunicacion.com/en/zaragoza-hace-historia-en-la-logistica-de-emergencias-con-el-vuelo-del-proyecto-usave">Zaragoza hace historia en la logística de emergencias con el vuelo del Proyecto USAVE</a></h2></div>		</div>
			</article>
	<article class="w-grid-item size_1x1 post-978 post type-post status-publish format-standard has-post-thumbnail hentry category-proyectos-europeos category-comunicacion-institucional" data-id="978">
		<div class="w-grid-item-h">
						<div class="w-post-elm post_image usg_post_image_1 stretched"><a href="https://www.virtuscomunicacion.com/en/aragon-edih-renueva-su-reconocimiento-de-la-comision-europea-como-centro-de-referencia-y-contara-con-44-millones-hasta-2028" aria-label="Aragón EDIH renueva su reconocimiento de la Comisión Europea y contará con 4,4 millones"><img loading="lazy" decoding="async" width="1024" height="889" src="https://www.virtuscomunicacion.com/wp-content/uploads/2025/11/foro-1024x889.png" class="attachment-large size-large wp-post-image" alt="" srcset="https://www.virtuscomunicacion.com/wp-content/uploads/2025/11/foro-1024x889.png 1024w, https://www.virtuscomunicacion.com/wp-content/uploads/2025/11/foro-300x260.png 300w, https://www.virtuscomunicacion.com/wp-content/uploads/2025/11/foro-14x12.png 14w, https://www.virtuscomunicacion.com/wp-content/uploads/2025/11/foro.png 2048w" sizes="auto, (max-width: 1024px) 100vw, 1024px" title=""></a></div><div class="w-vwrapper usg_vwrapper_1 align_none valign_top"><div class="w-post-elm post_taxonomy usg_post_taxonomy_1 style_badge color_link_inherit"><div class="w-post-elm-list"><a class="w-btn us-btn-style_badge term-68 term-proyectos-europeos" href="https://www.virtuscomunicacion.com/en/category/proyectos-europeos"><span class="w-btn-label">Proyectos europeos</span></a><a class="w-btn us-btn-style_badge term-21 term-comunicacion-institucional" href="https://www.virtuscomunicacion.com/en/category/comunicacion-institucional"><span class="w-btn-label">comunicación institucional</span></a></div></div><h2 class="w-post-elm post_title usg_post_title_1 has_text_color entry-title color_link_inherit"><a href="https://www.virtuscomunicacion.com/en/aragon-edih-renueva-su-reconocimiento-de-la-comision-europea-como-centro-de-referencia-y-contara-con-44-millones-hasta-2028">Aragón EDIH renueva su reconocimiento de la Comisión Europea y contará con 4,4 millones</a></h2></div>		</div>
			</article>
	<article class="w-grid-item size_1x1 post-969 post type-post status-publish format-standard has-post-thumbnail hentry category-comunicacion-institucional category-logistica tag-comunicacionempresarial tag-comunicacionlogistica tag-logistica" data-id="969">
		<div class="w-grid-item-h">
						<div class="w-post-elm post_image usg_post_image_1 stretched"><a href="https://www.virtuscomunicacion.com/en/alia-encumbra-la-logistica-aragonesa-en-la-gala-de-su-15-aniversario" aria-label="ALIA encumbra la logística aragonesa en la gala de su 15 aniversario"><img loading="lazy" decoding="async" width="1024" height="682" src="https://www.virtuscomunicacion.com/wp-content/uploads/2025/11/ALIA-Summit-1024x682.jpg" class="attachment-large size-large wp-post-image" alt="" srcset="https://www.virtuscomunicacion.com/wp-content/uploads/2025/11/ALIA-Summit-1024x682.jpg 1024w, https://www.virtuscomunicacion.com/wp-content/uploads/2025/11/ALIA-Summit-300x200.jpg 300w, https://www.virtuscomunicacion.com/wp-content/uploads/2025/11/ALIA-Summit-18x12.jpg 18w, https://www.virtuscomunicacion.com/wp-content/uploads/2025/11/ALIA-Summit.jpg 1280w" sizes="auto, (max-width: 1024px) 100vw, 1024px" title=""></a></div><div class="w-vwrapper usg_vwrapper_1 align_none valign_top"><div class="w-post-elm post_taxonomy usg_post_taxonomy_1 style_badge color_link_inherit"><div class="w-post-elm-list"><a class="w-btn us-btn-style_badge term-21 term-comunicacion-institucional" href="https://www.virtuscomunicacion.com/en/category/comunicacion-institucional"><span class="w-btn-label">comunicación institucional</span></a><a class="w-btn us-btn-style_badge term-57 term-logistica" href="https://www.virtuscomunicacion.com/en/category/logistica"><span class="w-btn-label">logística</span></a></div></div><h2 class="w-post-elm post_title usg_post_title_1 has_text_color entry-title color_link_inherit"><a href="https://www.virtuscomunicacion.com/en/alia-encumbra-la-logistica-aragonesa-en-la-gala-de-su-15-aniversario">ALIA encumbra la logística aragonesa en la gala de su 15 aniversario</a></h2></div>		</div>
			</article>
</div>	<div class="w-grid-preloader">
		<div class="g-preloader type_1">
			<div></div>
		</div>
	</div>
		<div class="w-grid-json hidden" onclick='return {&quot;action&quot;:&quot;us_ajax_grid&quot;,&quot;infinite_scroll&quot;:0,&quot;max_num_pages&quot;:15,&quot;pagination&quot;:&quot;none&quot;,&quot;template_vars&quot;:{&quot;columns&quot;:&quot;1&quot;,&quot;exclude_items&quot;:&quot;none&quot;,&quot;img_size&quot;:&quot;default&quot;,&quot;ignore_items_size&quot;:0,&quot;items_layout&quot;:&quot;blog_10&quot;,&quot;items_offset&quot;:&quot;1&quot;,&quot;load_animation&quot;:&quot;none&quot;,&quot;overriding_link&quot;:&quot;{\&quot;url\&quot;:\&quot;\&quot;}&quot;,&quot;post_id&quot;:0,&quot;query_args&quot;:{&quot;post_type&quot;:[&quot;post&quot;],&quot;post_status&quot;:[&quot;publish&quot;],&quot;posts_per_page&quot;:&quot;3&quot;},&quot;orderby_query_args&quot;:{&quot;orderby&quot;:{&quot;date&quot;:&quot;DESC&quot;}},&quot;type&quot;:&quot;grid&quot;,&quot;us_grid_post_type&quot;:&quot;post&quot;,&quot;us_grid_ajax_index&quot;:2,&quot;us_grid_filter_query_string&quot;:null,&quot;us_grid_index&quot;:2,&quot;page_args&quot;:[]}}'></div>
	</div><div class="w-separator size_small"></div><div  class="vc_wp_categories wpb_content_element"><div class="widget widget_categories"><h2 class="widgettitle">Categories</h2>
			<ul>
					<li class="cat-item cat-item-23"><a href="https://www.virtuscomunicacion.com/en/category/comunicacion-corporativa">Comunicación corporativa</a>
</li>
	<li class="cat-item cat-item-1"><a href="https://www.virtuscomunicacion.com/en/category/uncategorized">Comunicación cultural</a>
</li>
	<li class="cat-item cat-item-3"><a href="https://www.virtuscomunicacion.com/en/category/comunicacion-de-empresa-e-instituciones">Comunicación de empresa</a>
</li>
	<li class="cat-item cat-item-56"><a href="https://www.virtuscomunicacion.com/en/category/comunicacion-empresarial">comunicación empresarial</a>
</li>
	<li class="cat-item cat-item-21"><a href="https://www.virtuscomunicacion.com/en/category/comunicacion-institucional">comunicación institucional</a>
</li>
	<li class="cat-item cat-item-65"><a href="https://www.virtuscomunicacion.com/en/category/comunicacion-turistica">comunicación turística</a>
</li>
	<li class="cat-item cat-item-57"><a href="https://www.virtuscomunicacion.com/en/category/logistica">logística</a>
</li>
	<li class="cat-item cat-item-68"><a href="https://www.virtuscomunicacion.com/en/category/proyectos-europeos">Proyectos europeos</a>
</li>
	<li class="cat-item cat-item-44"><a href="https://www.virtuscomunicacion.com/en/category/sostenibilidad">Sostenibilidad</a>
</li>
			</ul>

			</div></div></div></div></div></div></div></section>

Humor y música marcaron el ALIA LOGISTICS SUMMIT 2025, la gala organizada por el clúster de logística de Aragón el pasado 29 de octubre en Zaragoza, un evento multitudinario con más de 700 invitados que constituye el acto central del programa especial del 15º Aniversario que el clúster aragonés celebra a lo largo de este...
